 + -1?
462
In base 10, what is -164 - 4?
-168
In base 14, what is -a8 - 4?
-ac
In base 10, what is -43 - -1?
-42
In base 8, what is 2 + -126?
-124
In base 4, what is -11 - 103?
-120
In base 14, what is -b - -8?
-3
In base 9, what is 240 + 1?
241
In base 9, what is -2 + -1747?
-1750
In base 10, what is 3 + 86?
89
In base 2, what is 111 - 1?
110
In base 10, what is -520 + -3?
-523
In base 7, what is 4 - -100?
104
In base 9, what is 84 - 36?
47
In base 16, what is 4 + -2?
2
In base 7, what is -112 + 3?
-106
In base 2, what is 1101 - -10?
1111
In base 13, what is -2 - 17?
-19
In base 6, what is -103 - 344?
-451
In base 4, what is 3133 - -1?
3200
In base 16, what is 2 - 5e?
-5c
In base 10, what is -5 + -411?
-416
In base 15, what is -15d - -1?
-15c
In base 14, what is ba + 3?
bd
In base 6, what is -3342 + -12?
-3354
In base 7, what is 153 - -120?
303
In base 6, what is 51 - 3300?
-3205
In base 12, what is 1b9 + 3?
200
In base 10, what is -6 - -14?
8
In base 5, what is 3 - 1122?
-1114
In base 12, what is -5 + -2b76?
-2b7b
In base 2, what is 100 + 1101?
10001
In base 9, what is -2251 - 5?
-2256
In base 9, what is 5 + -135?
-130
In base 7, what is 110 + -43?
34
In base 10, what is 5 + -86?
-81
In base 13, what is -2 + 10a0?
109b
In base 7, what is 12 - 13?
-1
In base 9, what is -6 + 7?
1
In base 7, what is 2455 + 2?
2460
In base 9, what is 4 + -176?
-172
In base 13, what is -5 - 51a?
-522
In base 6, what is 540 + -11?
525
In base 16, what is -8 - 134?
-13c
In base 2, what is 100110011 + 110001?
101100100
In base 2, what is 111111 - 101001?
10110
In base 14, what is b7a + 8?
b84
In base 8, what is -1650 + -3?
-1653
In base 4, what is -3 + -1132?
-1201
In base 8, what is -7 + -1205?
-1214
In base 12, what is 1063 + 1?
1064
In base 14, what is 53 + 0?
53
In base 16, what is -61 - -4?
-5d
In base 12, what is 3 + -6a9?
-6a6
In base 2, what is 10011111 - 10?
10011101
In base 10, what is 10 + -30?
-20
In base 2, what is 1001 + 111001111?
111011000
In base 15, what is 4d + 44?
92
In base 11, what is -507a + 4?
-5076
In base 7, what is 2 - -61?
63
In base 2, what is -111000011101 - -10?
-111000011011
In base 9, what is 11 + 1046?
1057
In base 14, what is -1 + 6?
5
In base 2, what is 11001110 + 0?
11001110
In base 9, what is 187 + -10?
177
In base 3, what is -11 + -222?
-1010
In base 14, what is 3 + 100?
103
In base 4, what is -11 + 121001?
120330
In base 11, what is 4 + -1879?
-1875
In base 9, what is -1 + -164?
-165
In base 8, what is 0 + 252?
252
In base 10, what is -9 - -84?
75
In base 3, what is 222 - 1001?
-2
In base 14, what is -7 - 27?
-30
In base 11, what is -194 - -18?
-177
In base 2, what is -1000000001111 - -1?
-1000000001110
In base 12, what is 1223 - 2?
1221
In base 8, what is 136 - -17?
155
In base 4, what is 10101 + 10?
10111
In base 14, what is -17aa + 5?
-17a5
In base 4, what is 200331 - 2?
200323
In base 3, what is 2 - 1020?
-1011
In base 14, what is 0 - -186?
186
In base 16, what is 189 + 7?
190
In base 4, what is 121 - 123103?
-122322
In base 13, what is 159 + 1?
15a
In base 7, what is -3535 - -30?
-3505
In base 6, what is -122 - 1015?
-1141
In base 8, what is 1030 - 2?
1026
In base 7, what is -6220 + 3?
-6214
In base 16, what is -20 + 7?
-19
In base 13, what is 72 + -23?
4c
In base 5, what is 3 - -4321?
4324
In base 15, what is 15 - 1b?
-6
In base 15, what is -4 + 47?
43
In base 15, what is 3 - 3c?
-39
In base 16, what is 8 + 2?
a
In base 12, what is -150 - -7?
-145
In base 6, what is 242 - -31?
313
In base 8, what is 32 - -233?
265
In base 14, what is -49 + 78?
2d
In base 8, what is -5574 - -4?
-5570
In base 13, what is -5 - 50?
-55
In base 7, what is 2 + 11344?
11346
In base 4, what is 0 - -3133?
3133
In base 15, what is -4 + 23?
1e
In base 13, what is -2 - -11?
c
In base 7, what is 0 + 3?
3
In base 15, what is -8 + -d24?
-d2c
In base 13, what is -21 + -4?
-25
In base 4, what is 2221 + -1022?
1133
In base 3, what is -1 + -12010?
-12011
In base 7, what is -111 - 22?
-133
In base 6, what is 12 - 3?
5
In base 15, what is -62 - 85?
-e7
In base 15, what is 9 + -1a3?
-199
In base 8, what is -2 - 174?
-176
In base 6, what is 0 + -351?
-351
In base 12, what is -1204 + -7?
-120b
In base 5, what is -3 - -1301?
1243
In base 11, what is -1 - 16?
-17
In base 9, what is -113 - -2?
-111
In base 14, what is -1d + -5?
-24
In base 3, what is -10 + -122?
-202
In base 2, what is 11001100 + -1000?
11000100
In base 14, what is -98 + 7?
-91
In base 12, what is -7 - 299?
-2a4
In base 3, what is -11 - 2010?
-2021
In base 11, what is 5 - 26?
-21
In base 3, what is 20 - 21?
-1
In base 7, what is 3 + -2343?
-2340
In base 11, what is -1 - 40?
-41
In base 3, what is -10021120 + 10?
-10021110
In base 16, what is -12 - -132?
120
In base 15, what is -2 - 624?
-626
In base 8, what is -116 + -43?
-161
In base 11, what is 6508 + 5?
6512
In base 10, what is 3 + -190?
-187
In base 12, what is 123a + 4?
1242
In base 4, what is -10000 - 111?
-10111
In base 14, what is -3c - -3?
-39
In base 13, what is 5 + 6?
b
In base 2, what is -110010110 + -101?
-110011011
In base 5, what is -10 + -1401?
-1411
In base 9, what is 46 - -727?
774
In base 16, what is -44e - -9?
-445
In base 13, what is -7465 - 3?
-7468
In base 6, what is -1 + 404?
403
In base 16, what is -5 - -d1?
cc
In base 2, what is -100100110101 - -10?
-100100110011
In base 8, what is 103 + -3?
100
In base 14, what is -4 + 474?
470
In base 13, what is -5 - 3128?
-3130
In base 6, what is 1043 + 4?
1051
In base 7, what is 111 - 0?
111
In base 10, what is -21 + -5?
-26
In base 13, what is -15b - 6?
-164
In base 8, what is 4 - -2651?
2655
In base 8, what is -3 - 14?
-17
In base 9, what is 4 - 40?
-35
In base 10, what is 107 + -62?
45
In base 4, what is 11 - -100?
111
In base 15, what is 27 - -a?
32
In base 16, what is 2b6 - 9?
2ad
In base 13, what is -740 + b?
-732
In base 11, what is 1 - a?
-9
In base 5, what is -223230 + -3?
-223233
In base 3, what is -11 + -22220?
-100001
In base 14, what is -4 + -1d?
-23
In base 16, what is 48 + ad?
f5
In base 14, what is 9 - -245?
250
In base 9, what is -43 + -15?
-58
In base 12, what is -4 + -4?
-8
In base 8, what is 425 + 3?
430
In base 6, what is -1135 - -11?
-1124
In base 12, what is -2a - 96?
-104
In base 2, what is 1100 + 101?
10001
In base 2, what is -1101001101110 + 10?
-1101001101100
In base 7, what is 5 + 12?
20
In base 2, what is 1001 + -10010?
-1001
In base 2, what is -10100 - -11010?
110
In base 10, what is -5 - -330?
325
In base 4, what is -232 - -1100?
202
In base 15, what is 73 + -3e?
34
In base 13, what is 5 - c66?
-c61
In base 15, what is 44 - 3?
41
In base 5, what is -1200 - 2?
-1202
In base 13, what is a0 - -1?
a1
In base 9, what is 4 + 676?
681
In base 11, what is -4 + 107?
103
In base 10, what is -117 - 3?
-120
In base 6, what is -33440 + 4?
-33432
In base 7, what is 402 + 23?
425
In base 2, what is 101111 + -1100?
100011
In base 5, what is 122 - -3?
130
In base 13, what is -1 + 57?
56
In base 14, what is -116 - -1?
-115
In base 10, what is -139 - 0?
-139
In base 5, what is -311443 + 4?
-311434
In base 11, what is -16 + -23?
-39
In base 11, what is -53 - 7?
-5a
In base 13, what is 1175 - 4?
1171
In base 11, what is -2400 - -5?
-23a6
In base 8, what is -103 - -173?
70
In base 4, what is 2201 + -22?
2113
In base 13, what is -19 + -3cb?
-417
In base 15, what is -81c + -3?
-820
In base 7, what is 2 - 22504?
-22502
In base 3, what is -12 - -11101?
11012
In base 12, what is -2962 - -1?
-2961
In base 5, what is -214 - -10?
-204
In base 14, what is 0 + 18d?
18d
In base 6, what is 111 - 5?
102
In base 3, what is 21110 - -11?
21121
In base 2, what is 101111101 + -101?
101111000
In base 4, what is 32200 - -10?
32210
In base 7, what is -13 + -24?
-40
In base 13, what is -72 + -4?
-76
In base 16, what is 3 - -760?
763
In base 13, what is 2 + -35?
-33
In base 2, what is 1011010 + 101?
1011111
In base 16, what is 10 + 5?
15
In base 14, what is 8c + 1?
8d
In base 15, what is 3 + -23?
-20
In base 4, what is -11 - -231?
220
In base 12, what is -10 - -2?
-a
In base 14, what is 33 + -29?
8
In base 6, what is -2 - -1050?
1044
In base 16, what is 529 + 3?
52c
In base 3, what is -10 - -10120?
10110
In base 4, what is 300 + -1?
233
In base 6, what is 0 - -2415?
2415
In base 10, what is -